{"id":3631,"date":"2021-01-13T23:46:26","date_gmt":"2021-01-13T23:46:26","guid":{"rendered":"https:\/\/www.iql-nog.com\/responsabilidad\/corporate-social-responsibility\/"},"modified":"2026-01-13T18:43:16","modified_gmt":"2026-01-13T18:43:16","slug":"responsabilidad-social-corporativa","status":"publish","type":"page","link":"https:\/\/www.iql-nog.com\/es\/responsabilidad\/responsabilidad-social-corporativa\/","title":{"rendered":"Responsabilidad Social Corporativa"},"content":{"rendered":"<div class=\"fusion-fullwidth fullwidth-box fusion-builder-row-1 fusion-flex-container nonhundred-percent-fullwidth non-hundred-percent-height-scrolling\" style=\"--awb-border-radius-top-left:0px;--awb-border-radius-top-right:0px;--awb-border-radius-bottom-right:0px;--awb-border-radius-bottom-left:0px;--awb-flex-wrap:wrap;\" ><div class=\"fusion-builder-row fusion-row fusion-flex-align-items-flex-start fusion-flex-content-wrap\" style=\"max-width:1248px;margin-left: calc(-4% \/ 2 );margin-right: calc(-4% \/ 2 );\"><div class=\"fusion-layout-column fusion_builder_column fusion-builder-column-0 fusion_builder_column_1_1 1_1 fusion-flex-column\" style=\"--awb-bg-size:cover;--awb-width-large:100%;--awb-margin-top-large:0px;--awb-spacing-right-large:1.92%;--awb-margin-bottom-large:20px;--awb-spacing-left-large:1.92%;--awb-width-medium:100%;--awb-order-medium:0;--awb-spacing-right-medium:1.92%;--awb-spacing-left-medium:1.92%;--awb-width-small:100%;--awb-order-small:0;--awb-spacing-right-small:1.92%;--awb-spacing-left-small:1.92%;\"><div class=\"fusion-column-wrapper fusion-column-has-shadow fusion-flex-justify-content-flex-start fusion-content-layout-column\"><div class=\"fusion-title title fusion-title-1 sep-underline sep-solid fusion-title-text fusion-title-size-one\" style=\"--awb-margin-top:20px;--awb-margin-bottom:30px;--awb-margin-top-small:10px;--awb-margin-right-small:0px;--awb-margin-bottom-small:10px;--awb-margin-left-small:0px;--awb-sep-color:#35a085;\"><h1 class=\"fusion-title-heading title-heading-left\" style=\"font-family:&quot;Noto Sans JP&quot;;font-style:normal;font-weight:100;margin:0;\">Responsabilidad Social Corporativa<\/h1><\/div><div class=\"fusion-text fusion-text-1\"><p>En Industrial Qu\u00edmica Lasem, S.A.U., creemos firmemente que la Responsabilidad Social Corporativa (RSC) es fundamental, no solo para cumplir con nuestras obligaciones legales, sino tambi\u00e9n para responder a las expectativas de nuestros grupos de inter\u00e9s.<\/p>\n<p>Nuestra visi\u00f3n de la RSC est\u00e1 profundamente arraigada en una gesti\u00f3n basada en criterios ESG (ambientales, sociales y de gobernanza), los cuales hemos integrado como parte esencial de nuestra estrategia corporativa. A trav\u00e9s de nuestras iniciativas de RSC, buscamos generar valor para nuestros clientes, socios, empleados y para la sociedad en su conjunto.<\/p>\n<h5>C\u00f3digo de Conducta<\/h5>\n<p><a href=\"https:\/\/www.iql-nog.com\/wp-content\/uploads\/2026\/01\/IQL-Codigo-de-Conducta-2026-ES-actualizado-080126.pdf\" target=\"_blank\" rel=\"noopener noreferrer\">Nuestro C\u00f3digo de Conducta<\/a> es la base de nuestras acciones en materia de RSC. Se distribuye a todo el personal, tanto fijo como temporal, para asegurar que todos est\u00e9n alineados con nuestros valores y compromisos.<\/p>\n<h5>Con nuestros clientes<\/h5>\n<p>Nuestra prioridad es ofrecer un suministro estable de productos seguros, de alta calidad y que aporten valor a las operaciones de nuestros clientes. Gracias a rigurosos controles de calidad, contamos con certificaciones como ISO 9001, FSSC 22000, GMP+, Halal y Kosher, lo que refleja nuestro compromiso con la excelencia.<\/p>\n<h5>Con nuestros colaboradores<\/h5>\n<p>Fomentamos relaciones basadas en la equidad y la confianza mutua.<br \/>\nA trav\u00e9s de una colaboraci\u00f3n estrecha, desarrollamos nuevos productos y exploramos mercados emergentes, impulsando as\u00ed el \u00e9xito compartido y un crecimiento sostenible.<\/p>\n<h5>Con la sociedad<\/h5>\n<p>Como empresa socialmente responsable, contribuimos activamente al bienestar de las comunidades en las que operamos.<br \/>\nPriorizamos una comunicaci\u00f3n abierta y proactiva, y trabajamos por crecer junto a la sociedad, como un miembro comprometido de la comunidad europea.<\/p>\n<h5>Con nuestros empleados<\/h5>\n<p>Nuestro compromiso con las personas se refleja en un entorno laboral seguro, saludable y din\u00e1mico, en el que todos pueden desarrollarse profesionalmente. Promovemos el crecimiento personal, fomentamos una \u00e9tica de trabajo responsable y creamos un ambiente donde cada persona pueda sentirse realizada.<\/p>\n<h5>Con el medio ambiente<\/h5>\n<p>Estamos comprometidos con un futuro sostenible y eficiente en el uso de los recursos. Contamos con la certificaci\u00f3n ISO 14001 y aplicamos pr\u00e1cticas medioambientales responsables en todas las etapas del proceso, desde la adquisici\u00f3n de materias primas hasta la gesti\u00f3n de residuos. Adem\u00e1s, invertimos en tecnolog\u00edas como la purificaci\u00f3n de gases y el tratamiento de aguas residuales para reducir nuestro impacto ambiental.<\/p>\n<h5>Pacto Mundial de las Naciones Unidas<\/h5>\n<p>Como parte del <em>Nisshin OilliO Group<\/em>, asumimos los principios del Pacto Mundial de las Naciones Unidas, al que nuestra empresa matriz se adhiri\u00f3 en julio de 2011. Estos principios, centrados en los derechos humanos, el trabajo, el medio ambiente y la lucha contra la corrupci\u00f3n, gu\u00edan nuestras operaciones y refuerzan nuestro compromiso con la transparencia y la responsabilidad en todas nuestras acciones de RSC.<\/p>\n<\/div><\/div><\/div><\/div><\/div>\n","protected":false},"excerpt":{"rendered":"","protected":false},"author":1,"featured_media":0,"parent":3625,"menu_order":0,"comment_status":"closed","ping_status":"closed","template":"","meta":{"inline_featured_image":false,"footnotes":""},"class_list":["post-3631","page","type-page","status-publish","hentry"],"yoast_head":"<!-- This site is optimized with the Yoast SEO plugin v27.3 - https:\/\/yoast.com\/product\/yoast-seo-wordpress\/ -->\n<title>Responsabilidad Social Corporativa - IQL<\/title>\n<meta name=\"robots\" content=\"index, follow, max-snippet:-1, max-image-preview:large, max-video-preview:-1\" \/>\n<link rel=\"canonical\" href=\"https:\/\/www.iql-nog.com\/es\/responsabilidad\/responsabilidad-social-corporativa\/\" \/>\n<meta property=\"og:locale\" content=\"es_ES\" \/>\n<meta property=\"og:type\" content=\"article\" \/>\n<meta property=\"og:title\" content=\"Responsabilidad Social Corporativa - IQL\" \/>\n<meta property=\"og:url\" content=\"https:\/\/www.iql-nog.com\/es\/responsabilidad\/responsabilidad-social-corporativa\/\" \/>\n<meta property=\"og:site_name\" content=\"IQL\" \/>\n<meta property=\"article:modified_time\" content=\"2026-01-13T18:43:16+00:00\" \/>\n<meta name=\"twitter:card\" content=\"summary_large_image\" \/>\n<meta name=\"twitter:label1\" content=\"Tiempo de lectura\" \/>\n\t<meta name=\"twitter:data1\" content=\"2 minutos\" \/>\n<script type=\"application\/ld+json\" class=\"yoast-schema-graph\">{\"@context\":\"https:\\\/\\\/schema.org\",\"@graph\":[{\"@type\":\"WebPage\",\"@id\":\"https:\\\/\\\/www.iql-nog.com\\\/es\\\/responsabilidad\\\/responsabilidad-social-corporativa\\\/\",\"url\":\"https:\\\/\\\/www.iql-nog.com\\\/es\\\/responsabilidad\\\/responsabilidad-social-corporativa\\\/\",\"name\":\"Responsabilidad Social Corporativa - IQL\",\"isPartOf\":{\"@id\":\"https:\\\/\\\/www.iql-nog.com\\\/es\\\/#website\"},\"datePublished\":\"2021-01-13T23:46:26+00:00\",\"dateModified\":\"2026-01-13T18:43:16+00:00\",\"breadcrumb\":{\"@id\":\"https:\\\/\\\/www.iql-nog.com\\\/es\\\/responsabilidad\\\/responsabilidad-social-corporativa\\\/#breadcrumb\"},\"inLanguage\":\"es\",\"potentialAction\":[{\"@type\":\"ReadAction\",\"target\":[\"https:\\\/\\\/www.iql-nog.com\\\/es\\\/responsabilidad\\\/responsabilidad-social-corporativa\\\/\"]}]},{\"@type\":\"BreadcrumbList\",\"@id\":\"https:\\\/\\\/www.iql-nog.com\\\/es\\\/responsabilidad\\\/responsabilidad-social-corporativa\\\/#breadcrumb\",\"itemListElement\":[{\"@type\":\"ListItem\",\"position\":1,\"name\":\"Portada\",\"item\":\"https:\\\/\\\/www.iql-nog.com\\\/es\\\/\"},{\"@type\":\"ListItem\",\"position\":2,\"name\":\"Responsabilidad\",\"item\":\"https:\\\/\\\/www.iql-nog.com\\\/es\\\/responsabilidad\\\/\"},{\"@type\":\"ListItem\",\"position\":3,\"name\":\"Responsabilidad Social Corporativa\"}]},{\"@type\":\"WebSite\",\"@id\":\"https:\\\/\\\/www.iql-nog.com\\\/es\\\/#website\",\"url\":\"https:\\\/\\\/www.iql-nog.com\\\/es\\\/\",\"name\":\"IQL-NOG\",\"description\":\"Responsible Chemistry\",\"publisher\":{\"@id\":\"https:\\\/\\\/www.iql-nog.com\\\/es\\\/#organization\"},\"potentialAction\":[{\"@type\":\"SearchAction\",\"target\":{\"@type\":\"EntryPoint\",\"urlTemplate\":\"https:\\\/\\\/www.iql-nog.com\\\/es\\\/?s={search_term_string}\"},\"query-input\":{\"@type\":\"PropertyValueSpecification\",\"valueRequired\":true,\"valueName\":\"search_term_string\"}}],\"inLanguage\":\"es\"},{\"@type\":\"Organization\",\"@id\":\"https:\\\/\\\/www.iql-nog.com\\\/es\\\/#organization\",\"name\":\"Industrial Qu\u00edmica Lasem S.A.U.\",\"url\":\"https:\\\/\\\/www.iql-nog.com\\\/es\\\/\",\"logo\":{\"@type\":\"ImageObject\",\"inLanguage\":\"es\",\"@id\":\"https:\\\/\\\/www.iql-nog.com\\\/es\\\/#\\\/schema\\\/logo\\\/image\\\/\",\"url\":\"https:\\\/\\\/www.iql-nog.com\\\/wp-content\\\/uploads\\\/2021\\\/01\\\/logo-footer.svg\",\"contentUrl\":\"https:\\\/\\\/www.iql-nog.com\\\/wp-content\\\/uploads\\\/2021\\\/01\\\/logo-footer.svg\",\"width\":\"1024\",\"height\":\"1024\",\"caption\":\"Industrial Qu\u00edmica Lasem S.A.U.\"},\"image\":{\"@id\":\"https:\\\/\\\/www.iql-nog.com\\\/es\\\/#\\\/schema\\\/logo\\\/image\\\/\"}}]}<\/script>\n<!-- \/ Yoast SEO plugin. -->","yoast_head_json":{"title":"Responsabilidad Social Corporativa - IQL","robots":{"index":"index","follow":"follow","max-snippet":"max-snippet:-1","max-image-preview":"max-image-preview:large","max-video-preview":"max-video-preview:-1"},"canonical":"https:\/\/www.iql-nog.com\/es\/responsabilidad\/responsabilidad-social-corporativa\/","og_locale":"es_ES","og_type":"article","og_title":"Responsabilidad Social Corporativa - IQL","og_url":"https:\/\/www.iql-nog.com\/es\/responsabilidad\/responsabilidad-social-corporativa\/","og_site_name":"IQL","article_modified_time":"2026-01-13T18:43:16+00:00","twitter_card":"summary_large_image","twitter_misc":{"Tiempo de lectura":"2 minutos"},"schema":{"@context":"https:\/\/schema.org","@graph":[{"@type":"WebPage","@id":"https:\/\/www.iql-nog.com\/es\/responsabilidad\/responsabilidad-social-corporativa\/","url":"https:\/\/www.iql-nog.com\/es\/responsabilidad\/responsabilidad-social-corporativa\/","name":"Responsabilidad Social Corporativa - IQL","isPartOf":{"@id":"https:\/\/www.iql-nog.com\/es\/#website"},"datePublished":"2021-01-13T23:46:26+00:00","dateModified":"2026-01-13T18:43:16+00:00","breadcrumb":{"@id":"https:\/\/www.iql-nog.com\/es\/responsabilidad\/responsabilidad-social-corporativa\/#breadcrumb"},"inLanguage":"es","potentialAction":[{"@type":"ReadAction","target":["https:\/\/www.iql-nog.com\/es\/responsabilidad\/responsabilidad-social-corporativa\/"]}]},{"@type":"BreadcrumbList","@id":"https:\/\/www.iql-nog.com\/es\/responsabilidad\/responsabilidad-social-corporativa\/#breadcrumb","itemListElement":[{"@type":"ListItem","position":1,"name":"Portada","item":"https:\/\/www.iql-nog.com\/es\/"},{"@type":"ListItem","position":2,"name":"Responsabilidad","item":"https:\/\/www.iql-nog.com\/es\/responsabilidad\/"},{"@type":"ListItem","position":3,"name":"Responsabilidad Social Corporativa"}]},{"@type":"WebSite","@id":"https:\/\/www.iql-nog.com\/es\/#website","url":"https:\/\/www.iql-nog.com\/es\/","name":"IQL-NOG","description":"Responsible Chemistry","publisher":{"@id":"https:\/\/www.iql-nog.com\/es\/#organization"},"potentialAction":[{"@type":"SearchAction","target":{"@type":"EntryPoint","urlTemplate":"https:\/\/www.iql-nog.com\/es\/?s={search_term_string}"},"query-input":{"@type":"PropertyValueSpecification","valueRequired":true,"valueName":"search_term_string"}}],"inLanguage":"es"},{"@type":"Organization","@id":"https:\/\/www.iql-nog.com\/es\/#organization","name":"Industrial Qu\u00edmica Lasem S.A.U.","url":"https:\/\/www.iql-nog.com\/es\/","logo":{"@type":"ImageObject","inLanguage":"es","@id":"https:\/\/www.iql-nog.com\/es\/#\/schema\/logo\/image\/","url":"https:\/\/www.iql-nog.com\/wp-content\/uploads\/2021\/01\/logo-footer.svg","contentUrl":"https:\/\/www.iql-nog.com\/wp-content\/uploads\/2021\/01\/logo-footer.svg","width":"1024","height":"1024","caption":"Industrial Qu\u00edmica Lasem S.A.U."},"image":{"@id":"https:\/\/www.iql-nog.com\/es\/#\/schema\/logo\/image\/"}}]}},"_links":{"self":[{"href":"https:\/\/www.iql-nog.com\/es\/wp-json\/wp\/v2\/pages\/3631","targetHints":{"allow":["GET"]}}],"collection":[{"href":"https:\/\/www.iql-nog.com\/es\/wp-json\/wp\/v2\/pages"}],"about":[{"href":"https:\/\/www.iql-nog.com\/es\/wp-json\/wp\/v2\/types\/page"}],"author":[{"embeddable":true,"href":"https:\/\/www.iql-nog.com\/es\/wp-json\/wp\/v2\/users\/1"}],"replies":[{"embeddable":true,"href":"https:\/\/www.iql-nog.com\/es\/wp-json\/wp\/v2\/comments?post=3631"}],"version-history":[{"count":7,"href":"https:\/\/www.iql-nog.com\/es\/wp-json\/wp\/v2\/pages\/3631\/revisions"}],"predecessor-version":[{"id":4282,"href":"https:\/\/www.iql-nog.com\/es\/wp-json\/wp\/v2\/pages\/3631\/revisions\/4282"}],"up":[{"embeddable":true,"href":"https:\/\/www.iql-nog.com\/es\/wp-json\/wp\/v2\/pages\/3625"}],"wp:attachment":[{"href":"https:\/\/www.iql-nog.com\/es\/wp-json\/wp\/v2\/media?parent=3631"}],"curies":[{"name":"wp","href":"https:\/\/api.w.org\/{rel}","templated":true}]}}

<div class="fusion-fullwidth fullwidth-box fusion-builder-row-1 fusion-flex-container nonhundred-percent-fullwidth non-hundred-percent-height-scrolling" style="--awb-border-radius-top-left:0px;--awb-border-radius-top-right:0px;--awb-border-radius-bottom-right:0px;--awb-border-radius-bottom-left:0px;--awb-flex-wrap:wrap;" ><div class="fusion-builder-row fusion-row fusion-flex-align-items-flex-start fusion-flex-content-wrap" style="max-width:1248px;margin-left: calc(-4% / 2 );margin-right: calc(-4% / 2 );"><div class="fusion-layout-column fusion_builder_column fusion-builder-column-0 fusion_builder_column_1_1 1_1 fusion-flex-column" style="--awb-bg-size:cover;--awb-width-large:100%;--awb-margin-top-large:0px;--awb-spacing-right-large:1.92%;--awb-margin-bottom-large:20px;--awb-spacing-left-large:1.92%;--awb-width-medium:100%;--awb-order-medium:0;--awb-spacing-right-medium:1.92%;--awb-spacing-left-medium:1.92%;--awb-width-small:100%;--awb-order-small:0;--awb-spacing-right-small:1.92%;--awb-spacing-left-small:1.92%;"><div class="fusion-column-wrapper fusion-column-has-shadow fusion-flex-justify-content-flex-start fusion-content-layout-column"><div class="fusion-title title fusion-title-1 sep-underline sep-solid fusion-title-text fusion-title-size-one" style="--awb-margin-top:20px;--awb-margin-bottom:30px;--awb-margin-top-small:10px;--awb-margin-right-small:0px;--awb-margin-bottom-small:10px;--awb-margin-left-small:0px;--awb-sep-color:#35a085;"><h1 class="fusion-title-heading title-heading-left" style="font-family:&quot;Noto Sans JP&quot;;font-style:normal;font-weight:100;margin:0;">Responsabilidad Social Corporativa</h1></div><div class="fusion-text fusion-text-1"><p>En Industrial Química Lasem, S.A.U., creemos firmemente que la Responsabilidad Social Corporativa (RSC) es fundamental, no solo para cumplir con nuestras obligaciones legales, sino también para responder a las expectativas de nuestros grupos de interés.</p>
<p>Nuestra visión de la RSC está profundamente arraigada en una gestión basada en criterios ESG (ambientales, sociales y de gobernanza), los cuales hemos integrado como parte esencial de nuestra estrategia corporativa. A través de nuestras iniciativas de RSC, buscamos generar valor para nuestros clientes, socios, empleados y para la sociedad en su conjunto.</p>
<h5>Código de Conducta</h5>
<p><a href="https://www.iql-nog.com/wp-content/uploads/2026/01/IQL-Codigo-de-Conducta-2026-ES-actualizado-080126.pdf" target="_blank" rel="noopener noreferrer">Nuestro Código de Conducta</a> es la base de nuestras acciones en materia de RSC. Se distribuye a todo el personal, tanto fijo como temporal, para asegurar que todos estén alineados con nuestros valores y compromisos.</p>
<h5>Con nuestros clientes</h5>
<p>Nuestra prioridad es ofrecer un suministro estable de productos seguros, de alta calidad y que aporten valor a las operaciones de nuestros clientes. Gracias a rigurosos controles de calidad, contamos con certificaciones como ISO 9001, FSSC 22000, GMP+, Halal y Kosher, lo que refleja nuestro compromiso con la excelencia.</p>
<h5>Con nuestros colaboradores</h5>
<p>Fomentamos relaciones basadas en la equidad y la confianza mutua.<br />
A través de una colaboración estrecha, desarrollamos nuevos productos y exploramos mercados emergentes, impulsando así el éxito compartido y un crecimiento sostenible.</p>
<h5>Con la sociedad</h5>
<p>Como empresa socialmente responsable, contribuimos activamente al bienestar de las comunidades en las que operamos.<br />
Priorizamos una comunicación abierta y proactiva, y trabajamos por crecer junto a la sociedad, como un miembro comprometido de la comunidad europea.</p>
<h5>Con nuestros empleados</h5>
<p>Nuestro compromiso con las personas se refleja en un entorno laboral seguro, saludable y dinámico, en el que todos pueden desarrollarse profesionalmente. Promovemos el crecimiento personal, fomentamos una ética de trabajo responsable y creamos un ambiente donde cada persona pueda sentirse realizada.</p>
<h5>Con el medio ambiente</h5>
<p>Estamos comprometidos con un futuro sostenible y eficiente en el uso de los recursos. Contamos con la certificación ISO 14001 y aplicamos prácticas medioambientales responsables en todas las etapas del proceso, desde la adquisición de materias primas hasta la gestión de residuos. Además, invertimos en tecnologías como la purificación de gases y el tratamiento de aguas residuales para reducir nuestro impacto ambiental.</p>
<h5>Pacto Mundial de las Naciones Unidas</h5>
<p>Como parte del <em>Nisshin OilliO Group</em>, asumimos los principios del Pacto Mundial de las Naciones Unidas, al que nuestra empresa matriz se adhirió en julio de 2011. Estos principios, centrados en los derechos humanos, el trabajo, el medio ambiente y la lucha contra la corrupción, guían nuestras operaciones y refuerzan nuestro compromiso con la transparencia y la responsabilidad en todas nuestras acciones de RSC.</p>
</div></div></div></div></div>

<!-- This site is optimized with the Yoast SEO plugin v27.3 - https://yoast.com/product/yoast-seo-wordpress/ -->
<title>Responsabilidad Social Corporativa - IQL</title>
<meta name="robots" content="index, follow, max-snippet:-1, max-image-preview:large, max-video-preview:-1" />
<link rel="canonical" href="https://www.iql-nog.com/es/responsabilidad/responsabilidad-social-corporativa/" />
<meta property="og:locale" content="es_ES" />
<meta property="og:type" content="article" />
<meta property="og:title" content="Responsabilidad Social Corporativa - IQL" />
<meta property="og:url" content="https://www.iql-nog.com/es/responsabilidad/responsabilidad-social-corporativa/" />
<meta property="og:site_name" content="IQL" />
<meta property="article:modified_time" content="2026-01-13T18:43:16+00:00" />
<meta name="twitter:card" content="summary_large_image" />
<meta name="twitter:label1" content="Tiempo de lectura" />
	<meta name="twitter:data1" content="2 minutos" />
<script type="application/ld+json" class="yoast-schema-graph">{"@context":"https:\/\/schema.org","@graph":[{"@type":"WebPage","@id":"https:\/\/www.iql-nog.com\/es\/responsabilidad\/responsabilidad-social-corporativa\/","url":"https:\/\/www.iql-nog.com\/es\/responsabilidad\/responsabilidad-social-corporativa\/","name":"Responsabilidad Social Corporativa - IQL","isPartOf":{"@id":"https:\/\/www.iql-nog.com\/es\/#website"},"datePublished":"2021-01-13T23:46:26+00:00","dateModified":"2026-01-13T18:43:16+00:00","breadcrumb":{"@id":"https:\/\/www.iql-nog.com\/es\/responsabilidad\/responsabilidad-social-corporativa\/#breadcrumb"},"inLanguage":"es","potentialAction":[{"@type":"ReadAction","target":["https:\/\/www.iql-nog.com\/es\/responsabilidad\/responsabilidad-social-corporativa\/"]}]},{"@type":"BreadcrumbList","@id":"https:\/\/www.iql-nog.com\/es\/responsabilidad\/responsabilidad-social-corporativa\/#breadcrumb","itemListElement":[{"@type":"ListItem","position":1,"name":"Portada","item":"https:\/\/www.iql-nog.com\/es\/"},{"@type":"ListItem","position":2,"name":"Responsabilidad","item":"https:\/\/www.iql-nog.com\/es\/responsabilidad\/"},{"@type":"ListItem","position":3,"name":"Responsabilidad Social Corporativa"}]},{"@type":"WebSite","@id":"https:\/\/www.iql-nog.com\/es\/#website","url":"https:\/\/www.iql-nog.com\/es\/","name":"IQL-NOG","description":"Responsible Chemistry","publisher":{"@id":"https:\/\/www.iql-nog.com\/es\/#organization"},"potentialAction":[{"@type":"SearchAction","target":{"@type":"EntryPoint","urlTemplate":"https:\/\/www.iql-nog.com\/es\/?s={search_term_string}"},"query-input":{"@type":"PropertyValueSpecification","valueRequired":true,"valueName":"search_term_string"}}],"inLanguage":"es"},{"@type":"Organization","@id":"https:\/\/www.iql-nog.com\/es\/#organization","name":"Industrial Química Lasem S.A.U.","url":"https:\/\/www.iql-nog.com\/es\/","logo":{"@type":"ImageObject","inLanguage":"es","@id":"https:\/\/www.iql-nog.com\/es\/#\/schema\/logo\/image\/","url":"https:\/\/www.iql-nog.com\/wp-content\/uploads\/2021\/01\/logo-footer.svg","contentUrl":"https:\/\/www.iql-nog.com\/wp-content\/uploads\/2021\/01\/logo-footer.svg","width":"1024","height":"1024","caption":"Industrial Química Lasem S.A.U."},"image":{"@id":"https:\/\/www.iql-nog.com\/es\/#\/schema\/logo\/image\/"}}]}</script>
<!-- / Yoast SEO plugin. -->

Industrial Química Lasem S.A.U.
